he remainder when 3455 is divided by 862?
7
What is the remainder when 25683 is divided by 104?
99
What is the remainder when 34957 is divided by 46?
43
Calculate the remainder when 2068916 is divided by 689636.
8
What is the remainder when 27127 is divided by 261?
244
What is the remainder when 15810 is divided by 226?
216
What is the remainder when 2336 is divided by 286?
48
What is the remainder when 18273 is divided by 62?
45
What is the remainder when 3770 is divided by 24?
2
What is the remainder when 14490 is divided by 125?
115
What is the remainder when 336430 is divided by 1058?
1044
What is the remainder when 10534 is divided by 10528?
6
Calculate the remainder when 2696 is divided by 49.
1
Calculate the remainder when 173557 is divided by 609.
601
Calculate the remainder when 13930 is divided by 72.
34
Calculate the remainder when 36478 is divided by 19.
17
What is the remainder when 8658 is divided by 133?
13
Calculate the remainder when 17902 is divided by 149.
22
Calculate the remainder when 1565 is divided by 614.
337
What is the remainder when 7599 is divided by 478?
429
Calculate the remainder when 3180 is divided by 428.
184
What is the remainder when 23869 is divided by 327?
325
What is the remainder when 303353 is divided by 185?
138
What is the remainder when 1008740 is divided by 14?
12
What is the remainder when 10452 is divided by 33?
24
What is the remainder when 162851 is divided by 315?
311
Calculate the remainder when 47704 is divided by 1060.
4
Calculate the remainder when 17453 is divided by 26.
7
What is the remainder when 1036 is divided by 504?
28
What is the remainder when 2672 is divided by 5?
2
Calculate the remainder when 13308 is divided by 36.
24
What is the remainder when 1043 is divided by 474?
95
Calculate the remainder when 67212 is divided by 1093.
539
What is the remainder when 84990 is divided by 500?
490
What is the remainder when 194341 is divided by 97166?
9
Calculate the remainder when 219839 is divided by 120.
119
Calculate the remainder when 7609 is divided by 7602.
7
Calculate the remainder when 57154 is divided by 20.
14
Calculate the remainder when 23993 is divided by 706.
695
Calculate the remainder when 8935 is divided by 447.
442
Calculate the remainder when 95403 is divided by 13.
9
What is the remainder when 19268 is divided by 470?
468
Calculate the remainder when 24536 is divided by 60.
56
What is the remainder when 987329 is divided by 1306?
1299
What is the remainder when 3636 is divided by 129?
24
Calculate the remainder when 205475 is divided by 11415.
5
Calculate the remainder when 784 is divided by 101.
77
What is the remainder when 2803 is divided by 686?
59
What is the remainder when 4601 is divided by 309?
275
What is the remainder when 16641 is divided by 53?
52
What is the remainder when 15505 is divided by 470?
465
Calculate the remainder when 9335 is divided by 474.
329
Calculate the remainder when 505673 is divided by 6927.
2
What is the remainder when 193568 is divided by 868?
4
What is the remainder when 1329348 is divided by 598?
592
What is the remainder when 32884 is divided by 5478?
16
Calculate the remainder when 225691 is divided by 22568.
11
Calculate the remainder when 11236 is divided by 20.
16
What is the remainder when 45393 is divided by 890?
3
What is the remainder when 1211693 is divided by 1731?
1724
What is the remainder when 11326 is divided by 314?
22
Calculate the remainder when 43996 is divided by 27.
13
Calculate the remainder when 1697 is divided by 417.
29
Calculate the remainder when 1665 is divided by 465.
270
What is the remainder when 2349 is divided by 1120?
109
Calculate the remainder when 625 is divided by 349.
276
What is the remainder when 36224 is divided by 2262?
32
Calculate the remainder when 2379 is divided by 588.
27
What is the remainder when 13572 is divided by 2252?
60
What is the remainder when 17636 is divided by 33?
14
What is the remainder when 428 is divided by 129?
41
What is the remainder when 53641 is divided by 996?
853
Calculate the remainder when 6310 is divided by 705.
670
What is the remainder when 1556 is divided by 191?
28
Calculate the remainder when 20447 is divided by 291.
77
What is the remainder when 9086 is divided by 2432?
1790
Calculate the remainder when 1958309 is divided by 23.
20
What is the remainder when 127886 is divided by 490?
486
Calculate the remainder when 2029 is divided by 62.
45
Calculate the remainder when 176247 is divided by 23.
21
Calculate the remainder when 26933 is divided by 13417.
99
Calculate the remainder when 6542 is divided by 386.
366
Calculate the remainder when 6496 is divided by 949.
802
What is the remainder when 11004 is divided by 510?
294
What is the remainder when 109187 is divided by 985?
837
What is the remainder when 408 is divided by 145?
118
Calculate the remainder when 100921 is divided by 83.
76
Calculate the remainder when 28502 is divided by 44.
34
What is the remainder when 12576 is divided by 34?
30
What is the remainder when 19057 is divided by 95?
57
Calculate the remainder when 908777 is divided by 573.
572
What is the remainder when 89355 is divided by 97?
18
What is the remainder when 28362 is divided by 305?
302
What is the remainder when 4567 is divided by 325?
17
What is the remainder when 271928 is divided by 21?
20
What is the remainder when 152208 is divided by 354?
342
What is the remainder when 392 is divided by 275?
117
Calculate the remainder when 7118 is divided by 73.
37
What is the remainder when 164776 is divided by 947?
945
What is the remainder when 254056 is divided by 63?
40
Calculate the remainder when 121486 is divided by 16.
14
Calculate the remainder when 5704 is divided by 547.
234
Calculate the remainder when 6504 is divided by 259.
29
What is the remainder when 10435 is divided by 55?
40
Calculate the remainder when 27627 is divided by 3066.
33
What is the remainder when 5723 is divided by 147?
137
Calculate the remainder when 13936 is divided by 1012.
780
What is the remainder when 1879 is divided by 750?
379
Calculate the remainder when 3641 is divided by 817.
373
Calculate the remainder when 2217 is divided by 738.
3
What is the remainder when 9797 is divided by 98?
95
What is the remainder when 18555 is divided by 32?
27
Calculate the remainder when 6177 is divided by 167.
165
Calculate the remainder when 13828 is divided by 87.
82
Calculate the remainder when 13209 is divided by 119.
0
What is the remainder when 8554 is divided by 56?
42
What is the remainder when 11181 is divided by 24?
21
Calculate the remainder when 91627 is divided by 77.
74
Calculate the remainder when 6945 is divided by 412.
353
Calculate the remainder when 11434 is divided by 239.
201
Calculate the remainder when 292722 is divided by 743.
723
What is the remainder when 8691 is divided by 104?
59
Calculate the remainder when 41140 is divided by 55.
0
Calculate the remainder when 73759 is divided by 73725.
34
Calculate the remainder when 57508 is divided by 2875.
8
What is the remainder when 431458 is divided by 86?
82
What is the remainder when 11795 is divided by 54?
23
What is the remainder when 19018 is divided by 3312?
2458
Calculate the remainder when 1520275 is divided by 20.
15
What is the remainder when 30705 is divided by 3067?
35
Calculate the remainder when 39472 is divided by 235.
227
What is the remainder when 2891 is divided by 367?
322
What is the remainder when 22050 is divided by 178?
156
Calculate the remainder when 28027 is divided by 483.
13
What is the remainder when 533248 is divided by 698?
674
What is the remainder when 571 is divided by 150?
121
What is the remainder when 1581 is divided by 17?
0
What is the remainder when 151793 is divided by 124?
17
Calculate the remainder when 16706 is divided by 4155.
86
Calculate the remainder when 8038 is divided by 238.
184
What is the remainder when 4765 is divided by 1787?
1191
What is the remainder when 1369 is divided by 801?
568
Calculate the remainder when 53572 is divided by 3824.
36
Calculate the remainder when 37448 is divided by 462.
26
Calculate the remainder when 96096 is divided by 8731.
55
What is the remainder when 191468 is divided by 16?
12
What is the remainder 